, 3, 5
Let s be 65/15 - (-2)/3. Suppose -s*p - 23 = -48. Suppose 0 = 4*t - p*v - 30, -2*t + 2*v = -8 - 8. List the prime factors of t.
2, 5
Suppose -x + 7*v + 7 = 3*v, 3*x + 9 = -3*v. What are the prime factors of 0 - (50*-9 + x)?
11, 41
Let w = -44 + 50. Let c(q) = 6*q - 37. Let j be c(w). List the prime factors of -6 + 90 + 4 + (-2 - j).
3, 29
Suppose -27 = -3*b + 4*d, 2*b - d - 11 - 7 = 0. Let a(g) = 5*g**2 - 17*g - 6. What are the prime factors of a(b)?
2, 3, 41
Suppose 116*y - 4125013 - 308159 = 0. What are the prime factors of y?
3, 12739
Let x = 151 + -145. Let q(f) = 3*f**2 + f + 23. List the prime factors of q(x).
137
Let m = 11338 - -6940. What are the prime factors of m?
2, 13, 19, 37
Let a(n) = 5*n**3 + 18*n**2 - 442*n + 14. What are the prime factors of a(13)?
3, 5, 7, 79
Suppose k = 2*k - 2. Suppose -6*i = k*i. Let w(h) = 2*h + 47. List the prime factors of w(i).
47
Suppose -7*x + 11*x = -1480. Let m = x + 723. List the prime factors of m.
353
Let i be -30*((-105)/(-18) - 6). Suppose -474 - 746 = -i*f. List the prime factors of f.
2, 61
What are the prime factors of 166078/24 + 7 + 166/(-24)?
2, 5, 173
Suppose -16*j = -20*j - 332 + 12652. What are the prime factors of j?
2, 5, 7, 11
Suppose -3384 = -16*a + 8712. Suppose -6*t + 4*t = 5*h - a, 0 = -t - 4*h + 381. What are the prime factors of t?
373
Let d = 65 - 57. List the prime factors of -5 + 187 + d/(-2).
2, 89
What are the prime factors of 101/2*((-26)/(-8) + 24600/32)?
2, 101, 193
List the prime factors of -1285*(-21)/((-336)/(-176)).
5, 11, 257
Let d be (0 - -1) + 7*6/21. Suppose -4*z + 202 + 182 = -4*h, d*z - 290 = h. List the prime factors of z.
97
Suppose -31 = 2*o + 75. Let z be 994/(-2)*2/(-7). Let q = o + z. What are the prime factors of q?
89
Let u(d) = -15*d - 8. Let r be u(-5). Let v be ((-32)/(-10))/((-6)/(-15)). Suppose -v = -4*o, 2*o + 4 = i - r. What are the prime factors of i?
3, 5
Suppose -4*w + 4*j - 24 = 0, -4*w - 5*j - 47 = -5. Let b be -3 + (-92)/w*-2. What are the prime factors of (b + 1)/(6/9 + -1)?
3, 5
Suppose 4*t + 4 = -4*p, -3*p + 9*t - 4*t = -29. Suppose 1002 = 4*f + p*n, 5*n - 679 = -3*f + 67. What are the prime factors of f?
2, 3, 7
Let p(f) = -10*f**2 - 10*f + 12. Let u(z) = 10*z**2 + 8*z - 12. Let n(g) = 4*p(g) + 5*u(g). What are the prime factors of n(-8)?
2, 157
Suppose 3*b - 430 = 2*t, 0*t - 2*t = 5*b - 706. Let j = -72 - -43. Let i = j + b. What are the prime factors of i?
113
Let j = 26605 - 17146. What are the prime factors of j?
3, 1051
Let h(l) = -l + 186. Let p(i) = -2*i - 2. Let w(o) = h(o) - 4*p(o). List the prime factors of w(7).
3
What are the prime factors of 3642493/244 - (-3)/(-12)?
2, 3, 311
Suppose 2*u - 5 = 5*u - 4*q, -3*u - 2*q + 25 = 0. Let w = 89 - 84. Suppose 0 = 2*z + w*i - 126, 0*z - 2*z + u*i = -166. What are the prime factors of z?
73
Suppose 3*m + 2425 = h - 3992, 4*h + 4*m - 25636 = 0. List the prime factors of h.
3, 2137
Let v(c) = 344*c**2 + 6*c - 12. Let h be v(-3). Suppose -23*g + 44*g - h = 0. List the prime factors of g.
2, 73
Suppose -x - 945 = -2*n - 2*x, 1412 = 3*n - 4*x. Let g = n + 104. List the prime factors of g.
2, 3
What are the prime factors of 27 - 3 - (-25540)/10?
2, 1289
Let t = 2320 - -4468. What are the prime factors of t?
2, 1697
Let u = 112 - 107. Suppose -3359 = -u*k - 3*f, 3*f = k + 54 - 733. What are the prime factors of k?
673
Suppose -20*g - 274 = 146. What are the prime factors of 1182/(-4)*56/g?
2, 197
Let z(x) = 15*x**3 + 6*x**2 - 44*x + 75. List the prime factors of z(8).
13, 599
Let x(s) = 4*s**3 - 12*s**2 - 293*s - 31. List the prime factors of x(16).
13, 661
Let i(j) = -j**3 + j**2 + 5*j + 2. Let z be i(-3). Suppose -10*d = -z*d + 4251. List the prime factors of d.
3, 109
Let g = 1046 + -405. Suppose g = -0*h + 5*h + 2*f, 0 = 4*h + 4*f - 508. What are the prime factors of h?
3, 43
Suppose -3*b + 3*c + 32577 = 0, 8*b - 10*b - 4*c + 21754 = 0. What are the prime factors of b?
5, 41, 53
Let r(c) = 53*c**2 - 23*c - 54*c**2 + 8*c - 8. Let g be r(-15). Let m(q) = -q**3 - 8*q**2 - 14*q - 12. List the prime factors of m(g).
2, 5
Suppose 5*j + 5*q - 880 - 63990 = 0, -2*j + 25966 = 5*q. List the prime factors of j.
2, 1621
What are the prime factors of (551/87)/((-4)/(-191220)*5)?
19, 3187
Let x(b) = b**3 + 2*b**2 + 3*b + 2. Suppose 3*w + 3 = -0*w. Let y be x(w). Suppose 9*a - 11*a + 88 = y. What are the prime factors of a?
2, 11
Let n = 378 + -413. Suppose 3*q + 4*o + 711 = 2*o, 2*o + 233 = -q. Let s = n - q. List the prime factors of s.
2, 3, 17
Let n(u) = 3*u**2 + 12*u + 131. Let a be n(20). Suppose -a = -7*k + 2804. List the prime factors of k.
5
Suppose 4*v - 3*m + 96 = 0, 2*v - 6 + 54 = -m. Let n(k) = 2*k + 86. List the prime factors of n(v).
2, 19
Let k = -136 - -56. Let v = k - -114. Suppose v = -3*u + 121. What are the prime factors of u?
29
Let q = 62509 + -43760. List the prime factors of q.
18749
Let f be (-2)/(-15) - 3552/(-360). Suppose f*z = -1484 + 4884. What are the prime factors of z?
2, 5, 17
Let c = 47761 + -32563. What are the prime factors of c?
2, 3, 17, 149
Let g(x) = 2*x**2 + 9*x + 21. Let s(a) = -a. Let o(w) = g(w) - 3*s(w). Let c be o(-18). List the prime factors of (-1 + c)/4 - 2.
3, 37
Suppose 2*t + 8*v - 9*v = -9, 2*t + 6 = -2*v. Let f(k) = -183*k - 24. What are the prime factors of f(t)?
2, 3, 59
Suppose -6*n - 578 = 11*n. Let w(h) = -29*h - 201. List the prime factors of w(n).
5, 157
Suppose 5 = -3*t + 44. Suppose 0 = -5*n - 5, -5*f + 3*n = -t. Let a = f - -12. What are the prime factors of a?
2, 7
Let m be (11*(2 + -1))/(3 - 2). List the prime factors of 2 + 362 + (13 - m).
2, 3, 61
Suppose 0 = 4*j - 5*w - 530, -2 = 3*w - 2*w. Let k = 121 + j. List the prime factors of k.
251
List the prime factors of -32 + 38 + (4*367)/4.
373
Let f(p) = 2*p**3 - 3*p**2 + p - 1. Let g(h) = -7*h + 37. Let x be g(5). Let r be f(x). Suppose 0 = r*a - 728 + 228. What are the prime factors of a?
2, 5
Suppose -74 - 102 = -5*c + p, -3*p = 2*c - 67. Let k = c - -24. Let s = 112 - k. List the prime factors of s.
53
Let g = 7908 + -7812. List the prime factors of g.
2, 3
Let f(g) = 4*g**2 - 5*g + 1. Suppose 5*c - 50 = t + 45, 0 = t. Suppose 0 = -5*w + 6 + c. List the prime factors of f(w).
2, 19
Suppose 48*o - 355658 = -170033 + 306135. List the prime factors of o.
3, 5, 683
Let f = 7208 - -12470. List the prime factors of f.
2, 9839
Let d = -57 - -65. Let h be (-111)/(-1) - (-4 + (d - 4)). Suppose h = j + 4*z, -2*j + j + 4*z + 127 = 0. List the prime factors of j.
7, 17
Let i be (-9 - -4) + 8 + 2*3. What are the prime factors of 1/i - (-41024)/144?
3, 5, 19
Suppose 5*q = 2*y - 26, 0 = 3*q - y + 11 + 5. What are the prime factors of (-24)/3*435/q?
2, 5, 29
Suppose b = -3*c + 17349, -b - 88*c + 87*c = -17355. What are the prime factors of b?
2, 3, 11, 263
Let c = 38 - 10. Let g be 16/9 + c/126. Suppose 52 = 2*b - 5*o - 110, -8 = g*o. What are the prime factors of b?
71
Let o(h) = -h**3 + 14*h**2 - 9*h - 4. Let a = -132 + 126. Let b be 33/2*(0 - a/9). What are the prime factors of o(b)?
2, 5, 13
Let l(j) = -j**3 + 73*j**2 + 365*j - 403. What are the prime factors of l(39)?
2, 13, 2521
Suppose -i - 236 = 2*k - 0*i, 118 = -k + 4*i. Suppose -31*g = -46*g - 870. Let d = g - k. List the prime factors of d.
2, 3, 5
Let h(b) = b**2 + 12*b - 13. Let p be h(-13). Suppose -5*w + 2*w + 819 = p. What are the prime factors of w?
3, 7, 13
Let l(n) = n**3 - n**2 - n - 17. Let q be l(0). Let y be (-3602)/q - 10/(-85). Let g = -89 + y. What are the prime factors of g?
3, 41
Let c(z) = 11*z + 11. Let n be c(-15). Let y = -8 - -2. What are the prime factors of n/(-33)*y/(-4)?
7
Let k = -6514 - -14125. List the prime factors of k.
3, 43, 59
Let y = -29494 + 49738. What are the prime factors of y?
2, 3, 7, 241
Suppose 0 = 3*u + 4*b - 3088, -2415 = -2*u + 4*b - 343. List the prime factors of u.
2, 3, 43
Suppose 2*y + 2*y + 4 = 0, 5*v - 21 = y. Suppose -111 = -v*r + 17. What are the prime factors of 2/(-4) - (-5168)/r?
7, 23
Let i be (-2)/5*1 - 972/20. Let r = 4 - i. Suppose 3 - r = -q + 4*l, 0 = -q - 4*l + 34. List the prime factors of q.
2, 3, 7
Let u = 92 + -86. Let f(k) = 3*k**3 + 9*k**2 - k - 3. Let o be f(u). Suppose -2*w - 975 = -5*x + 3*w, 0 = 5*x - w - o. What are the prime factors of x?
2, 3
Let